= -16 - -30. Calculate the greatest common divisor of 112 and v.
14
Let i be 15 - (-2)/(0 - 2). Let q = -6 + 11. Suppose 6*d - 3*d - 67 = -q*v, 34 = d + 4*v. What is the highest common divisor of i and d?
14
Let l be (6/(-4))/3*-4. Suppose -3*p + 220 = l*p. Suppose -v = -4*v + 33. Calculate the greatest common factor of p and v.
11
Let f = 90 - 78. What is the greatest common factor of 4 and f?
4
Let g(w) = -3*w**3 + w**2 + w - 2. Let p be g(-2). What is the highest common divisor of 6 and p?
6
Let m = -71 - -79. Calculate the greatest common divisor of 24 and m.
8
Let u(i) = -i**3 + i**2 + i. Let w be u(2). Let a = 1 - w. Calculate the highest common factor of a and 27.
3
Let u(m) = -m**3 + 7*m**2 + m + 10. Let d be u(8). Let v(a) = 68*a**2 - a - 1. Let k be v(-1). Let z = d + k. Calculate the highest common factor of z and 33.
11
Suppose 2 = q - 2. Suppose -78 = -5*p + 102. Calculate the highest common divisor of q and p.
4
Let f = 10 - 6. Let q be f/(-6) - 290/(-30). What is the highest common factor of q and 63?
9
Let f = -8 - -12. Suppose 4*x = -22 + 86. What is the greatest common divisor of f and x?
4
Let m(i) = i**3 - 2*i**2 - i. Suppose z + 6 = 3*h, 5*z + 0*h = 3*h + 6. Let o be m(z). Calculate the greatest common factor of 24 and o.
6
Let a be -1 - (1 + -1 + -3). Let q = a - -5. What is the highest common divisor of q and 28?
7
Suppose 4*t + t + 2*m - 241 = 0, -t = 4*m - 59. Let l = t - 31. What is the highest common factor of 176 and l?
16
Let t be 3/6 - (-1)/2. Let r(o) = o**2 + 2. Suppose -2*q - q = 0. Let n be r(q). Calculate the highest common divisor of t and n.
1
Let x = -25 + -83. Let d = 87 - x. Suppose -4*v = -3*g - 260, 2*v = 5*v - 5*g - d. What is the highest common divisor of v and 26?
13
Let c = 44 + -15. Calculate the greatest common divisor of c and 29.
29
Suppose c = 6*c + 4*f - 95, c - 30 = -3*f. Let w = c + -3. Let i(s) = s**3 - 5*s**2 - 3*s - 6. Let r be i(6). What is the greatest common divisor of r and w?
12
Suppose 3*c + 44 = 4*o, 3*o - o - 22 = 2*c. Let u be 16/(-3)*(-3)/(-2). Let r = u + o. Calculate the highest common factor of 21 and r.
3
Suppose 6*w = 4*c + w - 74, -4*w - 34 = -2*c. Let v = -1 + 3. Suppose 0*r + v*r - 14 = 0. Calculate the highest common factor of r and c.
7
Suppose 2*g - 317 = -3*g + p, 0 = -5*g - p + 313. Calculate the greatest common divisor of 9 and g.
9
Let u be (-192)/(-4 + 2) - -3. Calculate the greatest common factor of u and 9.
9
Let m = -8 + 44. Calculate the greatest common divisor of 396 and m.
36
Let h be ((-20)/(-6) + -3)*3. What is the greatest common divisor of 2 and h?
1
Let w(c) = c**3 - 13*c**2 + 20*c + 31. Let n be w(11). What is the highest common factor of n and 1?
1
Suppose -2*m + 5*m + 84 = 0. Let j = -13 - m. Suppose 45 = 2*i + j. Calculate the greatest common divisor of i and 60.
15
Let l(w) = w**2 + w - 2. Let p be l(-4). Let m(o) = 0 + 2 + p*o + o. Let i be m(2). What is the highest common divisor of i and 12?
12
Suppose d - 14 = 5*d + w, d - w = -1. Let f be (14/d)/((-6)/9). What is the greatest common divisor of 1 and f?
1
Let j(t) = 5*t**2 - 2*t - 1. Let v be j(-2). Suppose 2*i = 5*l + v, 5*i - 2*l - 60 = -13. What is the highest common factor of i and 1?
1
Suppose 7 = 4*n + b - 234, 0 = -b + 1. What is the greatest common factor of 20 and n?
20
Suppose 5*z - 120 = -j - j, 2*j = 0. Suppose 4*i + 3*r = 33 - 0, 4*i = 5*r + 73. What is the greatest common factor of z and i?
12
Let a = -18 + 21. Let j be -1 - (3 - 3 - a). What is the highest common divisor of j and 6?
2
Let l(d) = -d + 18. Suppose 22 = 4*x - 2*p, 3*x = -2*x - 2*p + 23. Let n = -5 + x. Let f be l(n). Calculate the greatest common divisor of 6 and f.
6
Let z be -1 + (0 - (-26)/1). Let f be 84/9 - (-20)/30. Calculate the greatest common factor of z and f.
5
Let h(l) = 7*l - 70. Let b be h(11). Let m = 186 + -109. What is the highest common divisor of m and b?
7
Let j(k) = k + 8. Let r be j(-6). Let t be 8*r + (-10 - -9). Calculate the highest common factor of t and 75.
15
Let k(c) = c. Let h be k(2). Let w be h*(-2 - 63/(-6)). Suppose 2*s - 10 = 0, 4*q - 2*s - 2 = 532. What is the greatest common divisor of w and q?
17
Suppose -4 + 24 = 5*p. Suppose p*g + 13 = 109. What is the highest common divisor of g and 24?
24
Suppose -10*g + 112 = -6*g. Calculate the greatest common factor of g and 7.
7
Let h = 167 - 48. Suppose -204 + 34 = -10*n. What is the highest common divisor of n and h?
17
Let u = -5 + 2. Let i be 11 + 1 + u - -1. What is the highest common factor of 10 and i?
10
Suppose j - 365 = -5*p, 340 = 4*p + p - 4*j. Suppose 0 = 11*f - 8*f + 4*w - 60, -f - 5*w + 9 = 0. What is the greatest common factor of f and p?
24
Let r = 13 + -9. Let u = r - -5. Let s = -9 + 10. What is the greatest common divisor of u and s?
1
Suppose -5*r + 279 = -46. Let y be 4/20 + 148/10. Let w be y - (2 + (-1 - -1)). What is the greatest common divisor of r and w?
13
Let u(j) = -9*j + 2. Let i be u(-2). What is the greatest common factor of i and 20?
20
Let v(w) = -2*w**2 + 18*w - 1. Let y be v(8). Calculate the highest common divisor of 165 and y.
15
Let s be (-3)/3 - (3 + -2). Let c be 18 - (2/s - 2). Let m be -7*((0 - 0) + -1). Calculate the highest common divisor of m and c.
7
Let b = 85 + -76. What is the greatest common factor of 72 and b?
9
Let k = -5 + 9. Suppose k*g = -2*b + 410, -b = 2*g - 5*b - 180. Calculate the highest common divisor of g and 10.
10
Suppose -2*d + 0*d + 4 = 0. Let s be -1 + 6/(3 - d). Suppose 0 = s*x - 72 + 22. What is the highest common factor of x and 50?
10
Let z be (1/(-6) - 0) + 632/48. Let k be (-51)/(-3)*(-2)/(-1). Suppose 5*u - 31 = k. Calculate the highest common divisor of u and z.
13
Suppose 70 = -22*t + 27*t. Calculate the highest common divisor of t and 70.
14
Let n be 0*3/(3*-1). Suppose -o = -n*o. Suppose 0 = -2*q - o*q + 4. What is the highest common divisor of q and 14?
2
Suppose 2*z - 270 = -7*z. What is the highest common factor of z and 300?
30
Let n = -17 - -37. What is the greatest common factor of n and 40?
20
Suppose -5*r = 7 - 2. Let o = 10 - r. Suppose 3*d = -3*t + 39, -2 = -5*d + 8. What is the greatest common divisor of t and o?
11
Let r = 85 + -54. Let c = 44 - r. Let q be (-130)/(-4)*(2 - 0). What is the greatest common divisor of q and c?
13
Let j be 1 + -1 + 2 + 0. Let v(k) = k**3 - 14*k**2 - k + 16. Let t be v(14). What is the highest common factor of j and t?
2
Let j = 63 + -28. Calculate the highest common divisor of j and 10.
5
Let b be 2*4/(12/(-9)). Let x be 20/b*27/6. Let a = x - -21. Calculate the highest common factor of 4 and a.
2
Suppose 4*o - 12 = 0, -2*z = -10*o + 5*o - 5. Let x(l) = l**3 + 10*l**2 + 9*l + 4. Let u be x(-9). What is the greatest common divisor of z and u?
2
Suppose 5*u + 2*y - 340 = 0, -5*u + 0*y + y = -355. Suppose -2*s = 5*h - u, 9 = 5*s - 2*h - 224. Calculate the greatest common divisor of 18 and s.
9
Suppose 2*o = 4*g - 142, -o = -4*g - 4*o + 117. What is the highest common divisor of g and 22?
11
Suppose 7 = t - 5*y, -3*y + 18 + 61 = 2*t. Calculate the highest common factor of t and 16.
16
Suppose -10*p + 100 = -0*p. Calculate the greatest common divisor of p and 40.
10
Let k = 181 - 81. Suppose -5*g + k = -0*g. Let r be (1 - -2)/(6/g). Calculate the highest common divisor of 2 and r.
2
Let u(r) = -r + 13. Let l be u(-6). Let d(w) = 8*w**2 - 7*w + 6. Let y be d(5). What is the highest common factor of y and l?
19
Let s(p) be the first derivative of p**2/2 + 15*p - 5. Let k be s(-9). Let v be -2*(-1 + 7/(-2)). What is the highest common divisor of k and v?
3
Suppose -d - 9 = -4*d. Suppose d*o - 3*n + 6*n - 66 = 0, -5*o + 3*n = -142. Calculate the greatest common divisor of o and 13.
13
Let i(g) = -g**3 + 11*g**2 - 9*g - 2. Let a be i(10). Let p(x) = 5*x - 19. Let q be p(a). What is the highest common factor of q and 14?
7
Suppose 3*i - 4 = 5*i, 0 = 5*w + i - 18. Calculate the highest common divisor of w and 12.
4
Let f(a) = -a - 1. Let c be f(3). Let h be (-6)/c - 2/4. Suppose 19*q + 33 = 3*z + 18*q, 2*q = 0. What is the greatest common factor of h and z?
1
Suppose 5*b - 8 - 77 = 0. What is the greatest common factor of b and 17?
17
Let p be 0/2 + (-8)/(-2). Suppose 39 = p*m - m. What is the highest common factor of 91 